e 93 = 3*f - 213. Suppose 0 = 2*j + 8 + f. Let s = -54 - j. Determine w(s).
-5
Let y = -236 - -201. Let k = 29 + y. Let i(b) = -b**3 + b**2 + b - 1. Let g(p) = 2*p**3 - 8*p**2 + p - 1. Let z(r) = g(r) + 3*i(r). What is z(k)?
8
Let t(z) = -2*z - 14. Let f(v) = -441*v - 879. Let m be f(-2). Determine t(m).
-20
Suppose 0 = -q - 13*q + 4242. Suppose -q + 345 = -14*o. Let b(l) = 3*l - 10. Let w(j) = 2*j - 7. Let x(g) = 5*b(g) - 7*w(g). What is x(o)?
-4
Let q(d) = d**3 + 10*d**2 - d - 2. Suppose -a = -2*h + 118 - 9, 0 = -4*h - 4*a + 188. Suppose 3*z - 5*j + h - 2 = 0, -4*j = 2*z + 4. Give q(z).
8
Let h(i) = -5*i**2 - 6*i + 1. Let b be (-16)/6*(-3)/2. Let x(t) = t**2 + t. Suppose 9*q = -17*q + 26. Let d(v) = b*x(v) + q*h(v). Give d(2).
-7
Let g(x) = 5*x**3 + 8*x**2 + 16*x + 24. Let l(b) = -b**3 + b**2 - b - 5. Let c(t) = g(t) + 4*l(t). Calculate c(-11).
-7
Suppose -23 = 6*z - 77. Suppose -11 = 5*w + 4*q + 4, 5*q = -3*w - z. Let r(s) = s**2 + 2*s + 2. Determine r(w).
5
Let d(p) = 459 + 0*p + 30*p**2 - 926 - p + 5*p**3 + 437 - 3*p. Give d(-6).
-6
Suppose 5*o + 86*y - 83*y - 1 = 0, -3*y - 24 = 0. Let v(q) be the second derivative of -33*q + 1/6*q**3 - 2*q**2 + 1/12*q**4 + 0 - 1/20*q**o. Calculate v(0).
-4
Suppose -116 = -5*n - 2*w, 0 = 5*n - w - 72 - 50. Let l(t) = -t + 17 - n + 17. Give l(9).
1
Let k(x) = -x - 4. Let v(f) = -f - 5. Let h(m) = -4*k(m) + 3*v(m). Let o(l) be the first derivative of 6*l**2 - 30*l - 79. Let w be o(2). What is h(w)?
-5
Let q(x) = 490 + 484 + x**2 + 483 + 21*x - 1466. What is q(-19)?
-47
Suppose g + 8 = 3. Let z(f) be the third derivative of -f**6/120 - f**5/12 - f**4/8 + f**3/3 + 2*f**2 + 22*f. Give z(g).
17
Let i(s) = 33*s + 29. Let p(w) = 5*w - 6. Let r(h) = i(h) - 6*p(h). Give r(-22).
-1
Let m be (2/(-7))/(98/(-1372)). Let s be m/26 - 240/(-130). Let p(f) = -2*f - 1. Calculate p(s).
-5
Let j(v) = 2*v**2 + 4*v - 1. Let g(k) = -3 - 4*k + k**2 + k - 6*k - k. Suppose 4*w + 0*w - 44 = 2*z, 5*w - 5*z = 60. Let l be g(w). Give j(l).
5
Let n(l) = -79*l**3 + 10*l**2 + 3*l. Let c be n(-2). Let i = c + -672. Let m(o) = o - 1 + o**3 + 6*o**2 + 1. Determine m(i).
-6
Suppose 0 = 6*m + 60*m + 192*m + 51*m. Suppose 0 = 3*g - w - 1 - 12, 0 = w + 4. Let y(t) = 1 + t - t**g - 5 - 5 - t**2. What is y(m)?
-9
Let c = 35 - -55. Let x(r) = -5*r + c - 97 + 2*r. Let d(t) = 4*t + 10. Let m(l) = 5*d(l) + 7*x(l). What is m(-2)?
3
Let h(r) = 0 - 7*r**2 + 0 + r**3 + r. Suppose 63*z + 3 = 64*z. Suppose 5*i + 2*f = 27, 20 + 13 = 3*i - z*f. What is h(i)?
7
Suppose -5*h + 268 + 12 = -45*h. Let m(l) = -2*l**2 - 8*l + 53. Give m(h).
11
Let i(a) = -a**2 + 6*a + 5. Suppose -3*g - 309*b + 305*b = -6, 5*b + 15 = 0. Calculate i(g).
5
Suppose 16*h - 2*h = 0. Let a(i) be the first derivative of i**2/2 + 12*i + 20. Determine a(h).
12
Let w(p) = 21*p - 32. Let k(b) = -2*b + 6. Let i(h) = -6*k(h) - w(h). Let j(y) = y**2 + 11*y - 4. Let t be j(-11). Give i(t).
32
Let i(f) be the second derivative of 0 + 5/3*f**3 + 25*f + 4*f**2 + 1/3*f**4 - 1/60*f**5. Let m(d) be the first derivative of i(d). Give m(9).
1
Let y(k) = k**3 + 196 + 1608*k**2 - 1614*k**2 - 197. Suppose 2 = a - 12. Suppose a = 2*h + 2. What is y(h)?
-1
Suppose 5*i - b - 49 = 0, -9*i + 4*i - 5*b + 55 = 0. Let f(o) = o**3 - 13*o**2 + 27*o + 6. Give f(i).
-24
Let p(r) = -r**3 - 55*r**2 + 57*r + 72. Let c be p(-56). Let g(f) = -f**2 + 18*f - 38. Give g(c).
-6
Suppose -n + 2*j + 2*j - 12 = 0, 3*n - 4*j + 44 = 0. Let x = -14 - n. Let f(o) = -9*o + 3. Let k(c) = 6*c - 2. Let b(w) = -3*f(w) - 4*k(w). Give b(x).
5
Let t(s) = -25*s**3 - s**2 - s. Let m(f) = -7 + 1 + f + 0*f. Let a be (14/6)/((-42)/(-90)). Let n be m(a). Calculate t(n).
25
Let w = 412 + -412. Let t be w - -6 - (-20)/(12/(-3)). Let z(l) = -6*l**2 - l. What is z(t)?
-7
Let a = -62 - -65. Suppose 0 = 3*t + 4*n - 22, 0*t - 2*t - a*n = -16. Suppose 3*d + 3*x + 3 = 0, 0 = -3*d + t*x + x - 15. Let q(j) = -j + 1. Give q(d).
4
Let j(r) = 5*r**3 - 17*r + 19. Let n be j(1). Let p(b) be the first derivative of -b**4/4 + 7*b**3/3 + b**2 - 8*b - 2. Give p(n).
6
Let q(m) = -16*m**2 + m**3 + 764 - 381 - 8*m**2 - 24*m - 396. Give q(25).
12
Let q be -5 + 8 - (-3)/3. Let r be (-5)/(-4) + -2 + 59/q. Suppose 0 = 15*t - r*t + 1. Let h(n) = 6*n**2 + 2*n + 1. Calculate h(t).
5
Let s(f) = f**2 - 18*f + 28. Let d be s(2). Let w(v) = 3 + 5 - 10 + 4 + 3 + 3*v. Calculate w(d).
-7
Let t(v) = 4*v**2 + v + 2. Let d(f) = 3*f**2 - 2*f**2 - 1 - 11*f + 12*f. Let x = 0 - -1. Let p(z) = x*t(z) - 5*d(z). Give p(-6).
-5
Let f = 139 - 135. Suppose f*r - 2 = 6. Let l(s) = 4*s - 2. Give l(r).
6
Let v = 1 - 3. Let m(h) = 7*h**2 + 745 - 1492 + 747 + 3*h. Calculate m(v).
22
Suppose 5*z - 6*v + 2*v = 11, 0 = -z + 4*v - 1. Let j(h) = h + 2*h + 2 - 4*h**2 - 9 - h**z. Suppose -29*n - 212 = -67. Calculate j(n).
3
Let z be (-8 - (-161)/21)*-3. Let k be z/((-7)/(-6 - 8)). Let y(m) = 8*m**2 + m + 1. Give y(k).
35
Let f = 520 + -517. Let i be f/(5/((-175)/15)). Let x(u) = -u**2 - 5*u + 8. Give x(i).
-6
Let w(p) = -2*p**2 - 8*p + 41 - p - 52 - 3. Give w(-2).
-4
Let r(t) = -9*t**2 + 6*t + 2. Let n(b) = 7*b**2 - 7*b - 1. Let f(i) = -4*n(i) - 3*r(i). Suppose -52*k + 33*k + 133 = 0. Give f(k).
19
Let z(j) = 6*j - 7. Let l(a) = a**3 + 9*a**2 + 8*a + 3. Let i be 8/(-100)*-30*(-20)/6. Let f be l(i). Give z(f).
11
Let g(i) = i**2 - 24*i + 83. Let m be g(20). Let r(p) = -7*p**2 + 0*p**2 - 1 - 6 + 9*p - 2 + 0*p + p**m. Determine r(6).
9
Suppose 3*v - p = 12 + 8, -4*v = -3*p - 30. Suppose v*r - 9*r = -9. Suppose -3*i + 2 = -s, 2*s + r + 1 = 2*i. Let m(a) = -a**3 - 2*a**2 + 3*a + 3. Give m(s).
-3
Suppose -2*m + 7 = 1. Let n(c) = -37 + 8 + m*c + 6 + 16. Give n(5).
8
Let d(o) = -o**3 - 4*o**2 + 11*o - 6. Let f(h) = h**2 + 70*h - 1182. Let y be f(14). Determine d(y).
0
Let a(l) = -l**2 + 4*l + 4. Let t be a(4). Suppose 5*g - 5*q + 10 = 0, 0 = g - t*q - 4 + 18. Let v(o) = o**3 - o + 1. Give v(g).
7
Let k(n) = -5*n + 77. Let g(j) = -3*j**2 - 18*j + 1. Let c be g(-5). Calculate k(c).
-3
Let v(b) = b**3 - 6*b**2 + 2*b - 5. Suppose 0 = -167*z + 279*z + 223*z - 2010. What is v(z)?
7
Let d(v) be the second derivative of v**5/10 - v**4/4 + v**3/3 + v**2 - 34*v. Let p be (-3 - -3)/(-1 - -2). Suppose p = 4*s - 10 + 2. Determine d(s).
10
Let g(f) = 1408*f - 727*f - 708*f + 1. Suppose 5*t - 25 = -2*q, -4*q = -3*t - 2*q + 15. Let h = -6 + t. Determine g(h).
28
Let s(r) = r**3 - 4*r**2 - r + 2. Let a be s(4). Let w(h) = 8340*h**2 + 8358*h**2 - 4 - 16694*h**2 + h. What is w(a)?
10
Let r(d) = 3*d + 2. Let l(o) = 4*o + 1. Let p = 28 - 10. Let s(i) = -2*i + 42. Let h be s(p). Let a(k) = h*r(k) - 5*l(k). What is a(6)?
-5
Let r be ((-135)/6)/9*-2. Suppose 7*x + 25 = -r*g + 2*x, -15 = 3*g - 2*x. Let o(k) = -5*k**2 - 25*k - 4*k**2 + 4 + 4*k**2 - k**3 + 23*k. Give o(g).
14
Let l(u) be the second derivative of -u**7/2520 - u**6/72 - u**5/24 - 37*u**4/4 - 22*u. Let d(x) be the third derivative of l(x). Determine d(-10).
-5
Let m(p) = 11*p**3 - 66*p**2 + 97*p - 19. Let g(d) = 8*d**3 - 44*d**2 + 66*d - 13. Let i(c) = -7*g(c) + 5*m(c). Determine i(-23).
-4
Let x(b) be the first derivative of b**4/4 - 3*b**3 - 6*b**2 - b - 1177. What is x(10)?
-21
Let k(b) be the first derivative of -11 + 4*b**3 + 4*b**2 + 5*b - 34 - 3*b**3 - 8. Give k(-5).
40
Let g(x) be the second derivative of 5*x**4/12 + x**3/6 + 3*x**2/2 - 2859*x. What is g(-1)?
7
Let f = -6103 - -6095. Let d(r) = r**2 - 5*r + 9. Determine d(f).
113
Let m(r) = -r**2 - 14*r + 1. Let x = 448 + -453. Let i be -7 + (-6 - x - 6). What is m(i)?
1
Suppose -204 = -2*d + 4*u, 167 + 13 = 2*d + 4*u. Let y(v) = -197 + 104 + d - 2*v. What is y(4)?
-5
Let c(y) = 4*y - 8. Let i(w) = w**3 + 35*w**2 + 144*w - 173. Let d be i(-30). Determine c(d).
20
Let p(t) be the third derivative of t**4/2 - 26*t**3/3 - 1853*t**2. Calculate p(6).
20
Let x(q) be the second derivative of -q**5/60 + q**4/3 + 79*q**2 - q - 54. Let i(d) be the first derivative of x(d). Determine i(8).
0
Let g = 15 + 6. Suppose -2*w + 0*n = 3*n - g, -5*n + 25 = 0. Let r(x) = 1 - 3*x**2 + 3*x - 3 + 3*x**3 - 2*x**3 - 2. Determine r(w).
5
Let s(d) be the third derivative of d**6/40 - d**5/12 + d**4/8 - 4*d**3/3 - 4407*d**2. Give s(4).
116
Let m(x) = 2*x - x + x - x - 20 + 5. Determine m(7).
-8
Suppose 4*b + 6 = 3*l - 16, 3*b = l - 4. Suppose l*m 